 factors of k?
3, 7
Let p(x) = x**3 + 7*x**2 + 4*x - 7. Suppose -4 - 8 = 2*n. Let r be p(n). Suppose -3*f + 0*f + r*o = -14, f - 10 = -o. List the prime factors of f.
2
List the prime factors of (-28)/6*72/(-42).
2
Let u(b) = b**3 - 6*b**2 - 3*b + 2. Let c be u(6). Let f = c + 30. Let a = -2 + f. What are the prime factors of a?
2, 3
Suppose -4*n - d = -4, 0*n = 4*n - d - 12. Let v = 4 - n. Suppose 5 = -v*w - 0*w + 3*h, 3*h - 3 = 3*w. List the prime factors of w.
2
Let z be 0 - -3 - (-14 - -15). Suppose -5*b + 5 = 0, -z*x - 3*x - b = -231. List the prime factors of x.
2, 23
Let c(u) = u + 44. List the prime factors of c(-11).
3, 11
Let y be (-24)/9*(-21)/(-2). Let n = -12 - y. Suppose -n = -l - l. What are the prime factors of l?
2
Let r(s) = 7*s**2 + 4*s**3 - 14 + 19 - 8*s - 3*s**3. List the prime factors of r(-8).
5
Suppose -g + 2*g - 36 = 0. Let i = 2 - g. List the prime factors of i/(-4) - 1/2.
2
Suppose 4 = -m - 5. Let a = m - -13. Suppose -2*x + 2 = -a. What are the prime factors of x?
3
Suppose 2 + 11 = 5*j - i, -2*i - 12 = -3*j. List the prime factors of j.
2
Let c(v) = -v**3 - 9*v**2 + 9*v - 5. Let t be (-7)/(-2)*-2 + -3. Let s be c(t). Let x = 0 + s. List the prime factors of x.
5
Let g(h) = h**2 + 2*h - 4. Let b be g(-3). Let i(f) = -7*f**3 - 1. What are the prime factors of i(b)?
2, 3
Let q = 5 - 0. Suppose -2*n - 3*c = -13, 4 = -n + 3*c - 3. Suppose n*t - 55 = 5*b, 0 = -q*t + 2*b - 5*b + 60. What are the prime factors of t?
3, 5
Suppose 0 = f - 2*f + 5, 3*o - 3*f + 57 = 0. Let h be 144/o + (-2)/(-7). Let i = h + 20. What are the prime factors of i?
2, 5
Let f(h) = 4*h - 3*h**2 + 6*h**2 + 1 - 1. Let c be f(-3). Suppose -2*l = l - c. What are the prime factors of l?
5
Suppose 5*r + 4*h - 177 = h, -2*r + 71 = h. List the prime factors of r.
2, 3
Let v = 7 - 5. List the prime factors of v.
2
Suppose -c + 18 + 14 = -2*q, 2*c + q = 54. What are the prime factors of c?
2, 7
Let v(l) = -l**2 - 14*l + 3. Let d be v(-14). Suppose -d*c = -8*c - 2*y + 52, y = -5*c + 51. List the prime factors of c.
2, 5
Suppose -2*p = -4*p. Suppose -j = -p*j + 10. List the prime factors of (1/(-2)*j)/1.
5
Let u(i) = 3*i + 10. Let y(k) = k. Let z(s) = u(s) - 4*y(s). List the prime factors of z(5).
5
Let m = 33 - -27. What are the prime factors of m?
2, 3, 5
Suppose -426 = -3*b - 3*d, 0*b - 4*b = -3*d - 547. What are the prime factors of b?
139
Suppose 6 = -l - 0*o - 5*o, l + 4*o + 4 = 0. Suppose l*y = 2*y + 4. Suppose y*w = -0*w + 8. What are the prime factors of w?
2
Let b = -6 - -13. Let d be (6/(-5))/((-6)/(-20)). What are the prime factors of 61/b - d/14?
3
Suppose 0 = 4*g + 4*f + 64, f + 68 = -4*g - 2*f. Let z = -7 - g. What are the prime factors of z?
13
Suppose 3*t - 7*t + 5*z + 506 = 0, -4*t + 4*z + 504 = 0. What are the prime factors of t?
2, 31
Suppose -5*u + 611 = 101. What are the prime factors of u?
2, 3, 17
Let f(h) = 2*h - 2. Let a be f(2). Suppose -a*v = 2*g - 6, -v + 5 + 1 = -2*g. What are the prime factors of v?
2
Let z = 6 - 0. List the prime factors of z.
2, 3
Let d(z) = 4*z**2 + 15*z + 5. What are the prime factors of d(-7)?
2, 3
Let v(b) = 2*b - 8. Suppose 3*p - l - 25 = 0, -48 - 7 = -5*p - 5*l. List the prime factors of v(p).
2, 5
Let b = 49 + -28. List the prime factors of b.
3, 7
Let h(p) = p**2 - 1. Let o be h(-2). Suppose -4*w + 5 = -o*x - 3*w, -3*x - 7 = -2*w. What are the prime factors of 2*x/2 - -13?
2, 3
Let w be (0 - (-2 + 4)) + 64. Suppose 2 = -4*v + w. What are the prime factors of v?
3, 5
Suppose -5*l - 30 = -2*u, 5*l + 0*u = -5*u + 5. What are the prime factors of ((-21)/l - 2)*4?
13
Suppose 4*s - 77 = 1055. What are the prime factors of s?
283
Let q(y) = 197*y**2 - 1. What are the prime factors of q(-1)?
2, 7
Suppose 0 = 5*u + t + t - 175, -2*t + 105 = 3*u. List the prime factors of u.
5, 7
Let r(h) = h**3 + 7*h**2 - 2*h - 9. Let y be r(-7). Suppose 4*s - y*s = -3. What are the prime factors of s?
3
Let p(k) = -3*k**2 - 2. Let w(r) = -15*r**2 - 10. Let x(h) = -11*p(h) + 2*w(h). Let y be x(-2). Let i = 0 + y. What are the prime factors of i?
2, 7
Suppose 0 = -3*n + 46 + 32. What are the prime factors of n?
2, 13
Let t(z) = z**3 + z**2 + 2*z + 76. List the prime factors of t(0).
2, 19
Suppose 3*a + 1872 = 5*w, 2*w - 538 - 202 = -a. List the prime factors of w.
2, 3, 31
Suppose 0 = -0*j - 5*j + 675. Let q be (-2)/((-6)/j) + 2. Suppose b - 39 = -3*n + 4*b, 3*n - 5*b - q = 0. What are the prime factors of n?
3
Suppose -f = -2, -f = -2*g - 2*f + 14. Let i = -5 + g. List the prime factors of i/((-3)/(-6)) - -7.
3
Let i(g) = -g**2 + 11*g - 8. Let q be i(10). Suppose 2*x - q = 28. List the prime factors of x.
3, 5
Let p(m) = m**2 + 11*m + 15. Let d be p(-9). What are the prime factors of 1/3*d - -43?
2, 3, 7
Let v = 26 - 12. Let j = v + -9. Suppose -4*y - 40 = -4*x, -41 = -x - 3*x + j*y. List the prime factors of x.
3
Suppose 3*d + 5 + 49 = 0. What are the prime factors of (d/(-2))/(-3 + 4)?
3
Let f(m) = -m**3 + 2*m**2 + m. Let y be f(2). Suppose 0 = 3*a + y*a - 10. Let v(p) = 3*p**2 - 4*p + 2. What are the prime factors of v(a)?
2, 3
What are the prime factors of 414/10 - (-4)/(-10)?
41
Let s = -28 - -59. Let j(f) = f**3 + 2*f**2 - 5*f - 5. Let b be j(-4). Let z = b + s. List the prime factors of z.
2, 7
Let l = 12 - 5. Suppose l = -5*y + 2*k, -y + 4 + 1 = -2*k. List the prime factors of 1/(((-6)/y)/14).
7
Let c = 14 - 10. Suppose -2*g = -6*g + c*v + 60, 4*v + 47 = 3*g. What are the prime factors of g?
13
Suppose -4*q + 11 = -5. Suppose 24 = -q*b - 16. List the prime factors of (-1 - -3) + b/(-2).
7
Let d be 22/(-55) - 146/10. Let p = d + 38. List the prime factors of p.
23
Let v(r) = 254*r**2 - 1. What are the prime factors of v(-1)?
11, 23
Suppose -48 = -2*v - 2*v. Let s be -1*(-5)/(15/v). Suppose -s*f + 15 = -37. List the prime factors of f.
13
Suppose -17*z + 72 = -5*z. Suppose 3 = 2*g - 1. Suppose -z = -4*q + g*q. List the prime factors of q.
3
Suppose 3*g + 3*h - 3 = -h, 3*g + h = 12. Suppose g*d = -4*l - 0*d + 11, -5*l = -4*d - 24. List the prime factors of l.
2
Suppose 26 = p + 4*w, -3*p + 80 + 38 = 2*w. List the prime factors of p.
2, 3, 7
Let b(d) = d**2 - 4*d - 4. List the prime factors of b(14).
2, 17
Let d(c) = -c**2 - 7*c + 11. Let n be d(-8). Suppose -5*v + 148 = s - 0*s, -3*v - n*s + 84 = 0. What are the prime factors of v?
2, 3, 5
Let f = 71 - 42. What are the prime factors of f?
29
Let i(t) = -t**2 + 7*t - 6. Let f be i(6). Suppose 2*c - 5*c + 6 = f. Suppose -19 = -c*u + 5. What are the prime factors of u?
2, 3
Let q = -44 - -26. List the prime factors of (2/(-6))/(1/q).
2, 3
Let k(x) = x**2 - 2. Let m be k(-2). List the prime factors of (0/m)/(-1) + 19.
19
Let f(w) = w**3 + 18*w**2 - 23*w - 16. What are the prime factors of f(-19)?
2, 3, 5
Let a = 17 - -8. What are the prime factors of a?
5
Suppose -2*f = 2*k - 22, -54 = -3*k - 2*k - 4*f. Let m(t) = -t**2 - 7*t + 6. Let u be m(-6). What are the prime factors of (k/4 - 2)*u?
2, 3
Let i = 58 - 22. List the prime factors of i.
2, 3
Suppose -8*j + 90 = -5*j. List the prime factors of j.
2, 3, 5
Let p(q) = q**2 + 11*q - 5. Let t be p(-8). Let h be (3 + -2)*-1*t. Suppose -2*f = -u - h, 4*f + 3*u - 4 = 29. What are the prime factors of f?
2, 3
Let s be (2/5)/(4/10). What are the prime factors of -2*(-5 + -3 + s)?
2, 7
Let l = -390 - -796. What are the prime factors of l?
2, 7, 29
Let z be (-6 - -8)*(-2)/(-4). Let f = z + 4. List the prime factors of f.
5
Let w = 286 - 198. List the prime factors of w.
2, 11
Let m(f) = -f**3 + 6*f**2 - 4*f - 4. Let y be m(5). Suppose -3*d + y = -2. List the prime factors of ((-6)/7)/(d/(-14)).
2, 3
Let g = 312 - 200. Suppose g = 4*y - v, 84 = 3*y - 4*v + 2*v. What are the prime factors of y?
2, 7
Let l = -7 + 16. Let u = l - 5. Suppose u*r - 17 = 23. List the prime factors of r.
2, 5
Suppose -4*q - q + 115 = 0. Suppose 5*r + q = 3*o - 16, -r + 5 = o. List the prime factors of o.
2
Suppose 0 = 2*x + 4, 0 = -2*z - 2*x - x + 30. Let f = z - 16. List the prime factors of f.
2
Suppose -x - 2 = -5. Let j = -27 - -26. List the prime factors of (j/1 + 5)*x.
2, 3
Let p = 152 - 52. Let x = -55 + p. What are the prime factors of x?
3, 5
Let n(r) = -r**3 - 7. Let p be n(-3). Let t = 3 + p. List the prime factors of t.
23
Let k = 5 - 0. Suppose 